{"id":32,"date":"2020-11-29T22:48:19","date_gmt":"2020-11-29T22:48:19","guid":{"rendered":"https:\/\/paveldopita.cz\/?page_id=32"},"modified":"2023-11-24T13:02:43","modified_gmt":"2023-11-24T13:02:43","slug":"kalendar","status":"publish","type":"page","link":"https:\/\/paveldopita.cz\/index.php\/kalendar\/","title":{"rendered":"Kandid\u00e1tka SPD"},"content":{"rendered":"\n<h3>Komun\u00e1ln\u00ed volby Prost\u011bjov 2022<\/h3>\n\n\n\n<p>Kompletn\u00ed kandid\u00e1tka:<\/p>\n\n\n\n<h4>1. Ing. Pavel Dopita, LL.M., MBA, mu\u017e 58, Specialista IT, vysoko\u0161kolsk\u00fd u\u010ditel, Svoboda a p\u0159\u00edm\u00e1 demokracie (SPD)<\/h4>\n\n\n\n<h4>2. Martin K\u0159upka, mu\u017e 47, \u0158editel spole\u010dnosti, Svoboda a p\u0159\u00edm\u00e1 demokracie (SPD)<\/h4>\n\n\n\n<h4>3. Radovan Kou\u0159il, mu\u017e 65, Jednatel spole\u010dnosti, Svoboda a p\u0159\u00edm\u00e1 demokracie (SPD)<\/h4>\n\n\n\n<h4>4. M\u00e1\u0161a Kom\u00ednkov\u00e1, \u017eena 67, Obchodn\u00edk, Svoboda a p\u0159\u00edm\u00e1 demokracie (SPD)<\/h4>\n\n\n\n<h4>5. Radovan Moudr\u00fd, mu\u017e 51, Hudebn\u00edk, asistent poslance, Svoboda a p\u0159\u00edm\u00e1 demokracie (SPD)<\/h4>\n\n\n\n<h4>6. Michal Krup\u00edk, mu\u017e 40, \u0158idi\u010d, Svoboda a p\u0159\u00edm\u00e1 demokracie (SPD)<\/h4>\n\n\n\n<p>7. Kamil Frei, mu\u017e 52, M\u011bstsk\u00e1 policie, Svoboda a p\u0159\u00edm\u00e1 demokracie (SPD)<\/p>\n\n\n\n<p>8. Zden\u011bk Coufal, mu\u017e 51, Elektromechanik, Svoboda a p\u0159\u00edm\u00e1 demokracie (SPD)<\/p>\n\n\n\n<p>9. Jan Tabery, mu\u017e 54, IT specialista, Svoboda a p\u0159\u00edm\u00e1 demokracie (SPD)<\/p>\n\n\n\n<p>10. Bc. Pavel Smetana mu\u017e 52 Administrativn\u00ed pracovn\u00edk Svoboda a p\u0159\u00edm\u00e1 demokracie (SPD)<\/p>\n\n\n\n<p>11. JUDr. Petr P\u0159ikryl, mu\u017e 48, Pr\u00e1vn\u00edk, Bez pol. p\u0159\u00edslu\u0161nosti<\/p>\n\n\n\n<p>12. Richard Navara, mu\u017e 61, Skladn\u00edk, Svoboda a p\u0159\u00edm\u00e1 demokracie (SPD)<\/p>\n\n\n\n<p>13. MUDr. Jaroslav Chytil, mu\u017e 61, Praktick\u00fd l\u00e9ka\u0159, Bez pol. p\u0159\u00edslu\u0161nosti<\/p>\n\n\n\n<p>14. MUDr. Jana Kalandrov\u00e1, \u017eena 50, L\u00e9ka\u0159, Svoboda a p\u0159\u00edm\u00e1 demokracie (SPD)<\/p>\n\n\n\n<p>15. Ladislav Juh\u00e1sz, mu\u017e 61, Jednatel spole\u010dnosti, Bez pol. p\u0159\u00edslu\u0161nosti<\/p>\n\n\n\n<p>16. Ladislav K\u0159upka, mu\u017e 35, Jednatel spole\u010dnosti, Svoboda a p\u0159\u00edm\u00e1 demokracie (SPD)<\/p>\n\n\n\n<p>17. Vlastimil Feichtinger, mu\u017e 60, Hasi\u010d, Bez pol. p\u0159\u00edslu\u0161nosti<\/p>\n\n\n\n<p>18. Du\u0161an P\u0159\u00edv\u011btiv\u00fd, mu\u017e 72, Pracovn\u00edk v reklam\u011b, Svoboda a p\u0159\u00edm\u00e1 demokracie (SPD)<\/p>\n\n\n\n<p>19. Eva Kalandrov\u00e1, \u017eena 72, P\u00e1nsk\u00e1 krej\u010dov\u00e1, Svoboda a p\u0159\u00edm\u00e1 demokracie (SPD)<\/p>\n\n\n\n<p>20. Michal Pe\u0161tuka, mu\u017e 30, Pracovn\u00edk v soci\u00e1ln\u00edch slu\u017eb\u00e1ch, Bez pol. p\u0159\u00edslu\u0161nosti<\/p>\n\n\n\n<p>21. Ing. Martin Sokele, mu\u017e 38, St\u0159edo\u0161kolsk\u00fd u\u010ditel, Bez pol. p\u0159\u00edslu\u0161nosti<\/p>\n\n\n\n<p>22. Roman Zda\u0159il, mu\u017e 59, Obchodn\u00edk, Bez pol. p\u0159\u00edslu\u0161nosti<\/p>\n\n\n\n<p>23. Marek Ml\u010doch, mu\u017e 48, IT specialista, Bez pol. p\u0159\u00edslu\u0161nosti<\/p>\n\n\n\n<p>24. Viktor Petr, mu\u017e 40, Skladn\u00edk, Bez pol. p\u0159\u00edslu\u0161nosti<\/p>\n\n\n\n<p>25. Ale\u0161 St\u0159ebosvk\u00fd, mu\u017e 37, Logistik, Bez pol. p\u0159\u00edslu\u0161nosti<\/p>\n\n\n\n<p>26. Lubo\u0161 V\u0161eti\u010dka, mu\u017e 57, \u0158idi\u010d, Bez pol. p\u0159\u00edslu\u0161nosti<\/p>\n\n\n\n<p>27. Stanislava Coufalov\u00e1, \u017eena 71, Soustru\u017enice, Bez pol. p\u0159\u00edslu\u0161nosti<\/p>\n\n\n\n<p>28. Mgr. Lenka Proch\u00e1zkov\u00e1, \u017eena 51, U\u010ditelka Z\u0160, Bez pol. p\u0159\u00edslu\u0161nosti<\/p>\n\n\n\n<p>29. Martin Jan\u010d\u00edk, mu\u017e 45, \u017divnostn\u00edk, Bez pol. p\u0159\u00edslu\u0161nosti<\/p>\n\n\n\n<p>30. Marek He\u017ea, mu\u017e 45, Obchodn\u00edk, Bez pol. p\u0159\u00edslu\u0161nosti<\/p>\n\n\n\n<p>31. Jitka Sola\u0159ov\u00e1, \u017eena, Bez pol. p\u0159\u00edslu\u0161nosti<\/p>\n\n\n\n<p>32. David Richter, mu\u017e, Bez pol. p\u0159\u00edslu\u0161nosti<\/p>\n\n\n\n<p>33. Pavel Divil, mu\u017e 48, Skladn\u00edk Bez pol. p\u0159\u00edslu\u0161nosti<\/p>\n\n\n\n<p>34. Eva Jan\u010d\u00edkov\u00e1, \u017eena 43, Bankovn\u00ed pracovn\u00edk, Bez pol. p\u0159\u00edslu\u0161nosti<\/p>\n\n\n\n<p>35. Lenka Dopitov\u00e1, \u017eena 52, Opti\u010dka, Bez pol. p\u0159\u00edslu\u0161nosti<\/p>\n\n\n\n<h4>Tu\u010dn\u011b zv\u00fdrazn\u011bn\u00ed jsou zastupitel\u00e9 statut\u00e1rn\u00edho m\u011bsta Prost\u011bjov.<\/h4>\n","protected":false},"excerpt":{"rendered":"<p>Komun\u00e1ln\u00ed volby Prost\u011bjov 2022 Kompletn\u00ed kandid\u00e1tka: 1. Ing. Pavel Dopita, LL.M., MBA, mu\u017e 58, Specialista IT, vysoko\u0161kolsk\u00fd u\u010ditel, Svoboda a&hellip; <a class=\"read-more\" href=\"https:\/\/paveldopita.cz\/index.php\/kalendar\/\">Pokra\u010dovat ve \u010dten\u00ed<\/a><\/p>\n","protected":false},"author":1,"featured_media":0,"parent":0,"menu_order":0,"comment_status":"closed","ping_status":"closed","template":"","meta":[],"_links":{"self":[{"href":"https:\/\/paveldopita.cz\/index.php\/wp-json\/wp\/v2\/pages\/32"}],"collection":[{"href":"https:\/\/paveldopita.cz\/index.php\/wp-json\/wp\/v2\/pages"}],"about":[{"href":"https:\/\/paveldopita.cz\/index.php\/wp-json\/wp\/v2\/types\/page"}],"author":[{"embeddable":true,"href":"https:\/\/paveldopita.cz\/index.php\/wp-json\/wp\/v2\/users\/1"}],"replies":[{"embeddable":true,"href":"https:\/\/paveldopita.cz\/index.php\/wp-json\/wp\/v2\/comments?post=32"}],"version-history":[{"count":8,"href":"https:\/\/paveldopita.cz\/index.php\/wp-json\/wp\/v2\/pages\/32\/revisions"}],"predecessor-version":[{"id":482,"href":"https:\/\/paveldopita.cz\/index.php\/wp-json\/wp\/v2\/pages\/32\/revisions\/482"}],"wp:attachment":[{"href":"https:\/\/paveldopita.cz\/index.php\/wp-json\/wp\/v2\/media?parent=32"}],"curies":[{"name":"wp","href":"https:\/\/api.w.org\/{rel}","templated":true}]}}